11023420300
What is -b47379 (base 13) in base 16?
-404eb5
What is 2033220301 (base 4) in base 10?
588337
Convert 1dac4 (base 14) to base 3.
10212112222
What is 91e5 (base 16) in base 9?
56208
11111101100001111100101 (base 2) to base 4
133230033211
What is -2012120220210 (base 3) in base 4?
-10132112211
567978 (base 11) to base 13
258391
7004477 (base 8) to base 14
35b851
545540 (base 9) to base 7
2524125
Convert -236992 (base 10) to base 2.
-111001110111000000
-5176173 (base 9) to base 8
-12433556
What is -110301344 (base 5) in base 11?
-2a7433
Convert -1210210101 (base 3) to base 2.
-1000101011110001
What is -115c32 (base 14) in base 7?
-5014662
61671 (base 8) to base 15
786e
Convert -2405563 (base 8) to base 16.
-a0b73
What is 977b5 (base 14) in base 15?
738c3
What is 13105314 (base 8) in base 5?
1221402431
Convert 325609 (base 13) to base 14.
22b1a9
Convert 8bce2 (base 15) to base 9.
747425
2110110112 (base 3) to base 9
73415
2211110011211 (base 3) to base 5
341123121
-16733715 (base 8) to base 4
-32323133031
11473a (base 12) to base 4
1003300132
What is -4724756 (base 8) in base 7?
-13645050
What is 3aeb45 (base 15) in base 4?
22303323311
What is -110112131313 (base 4) in base 3?
-101001001010000
-22012212 (base 3) to base 8
-13546
3236898 (base 12) to base 5
4414420320
Convert -22ac44 (base 15) to base 4.
-12110123002
What is 1412454 (base 7) in base 6?
4011143
Convert -5300467 (base 10) to base 2.
-10100001110000011110011
Convert -83734 (base 9) to base 10.
-55273
What is 121330232 (base 4) in base 7?
621605
Convert 11101110110100110 (base 2) to base 15.
2636d
-383741 (base 9) to base 2
-111000101111101010
-238483 (base 9) to base 7
-1136601
What is 1430240 (base 6) in base 12?
3b380
What is 10101011001111101000 (base 2) in base 13?
1b7351
What is -2255430 (base 6) in base 9?
-186830
What is -241213202 (base 5) in base 10?
-1116677
529009 (base 13) to base 5
443331434
4b5270 (base 15) to base 9
6714416
Convert -10464853 (base 9) to base 7.
-61012302
What is 102020201011 (base 3) in base 11?
141387
-120131231113 (base 4) to base 7
-105340132
370639 (base 10) to base 13
cc919
-6516 (base 7) to base 4
-210030
What is -106586 (base 9) in base 16?
-f9a2
What is -331322205 (base 6) in base 15?
-7c872b
Convert -1000101011100000011111 (base 2) to base 15.
-2ee2a9
Convert -2041402134 (base 5) to base 12.
-1509a29
Convert -2a72b (base 13) to base 10.
-80312
What is -317172 (base 8) in base 5?
-11343411
Convert 301022 (base 5) to base 11.
7168
-20012212212021 (base 3) to base 13
-8b90cc
What is -121202111202 (base 3) in base 4?
-1100202113
Convert -40015353 (base 7) to base 4.
-30211102221
What is 12020221022 (base 3) in base 10?
103472
4142036 (base 8) to base 3
2001211020122
What is 1129db (base 16) in base 10?
1124827
What is 10111011111001000111 (base 2) in base 9?
1402628
5120079 (base 10) to base 2
10011100010000001001111
What is -22330311333 (base 4) in base 15?
-3ba870
dc2 (base 15) to base 5
44412
What is 14033201 (base 5) in base 2?
100010111001001110
What is 532579 (base 14) in base 5?
1204422233
31404131 (base 5) to base 13
9295c
-c5c1c (base 13) to base 12
-151a76
Convert 1010100110011110011 (base 2) to base 12.
149043
Convert 101111110100010110010101 (base 2) to base 6.
1124401141
What is 1000001100010011 (base 2) in base 4?
20030103
Convert 221242212 (base 5) to base 7.
11115124
Convert 6443d (base 14) to base 11.
156063
What is 13557727 (base 8) in base 10?
3071959
Convert -1001112102202 (base 3) to base 16.
-891ef
Convert 81b3a (base 12) to base 10.
169246
-1100010100111000001111 (base 2) to base 10
-3231247
Convert 4405111 (base 6) to base 8.
653343
Convert -200323102 (base 4) to base 7.
-1101124
Convert -324ba (base 13) to base 9.
-147626
Convert -2209726 (base 10) to base 8.
-10333676
Convert -30110325 (base 6) to base 12.
-34b3a5
Convert 1816a (base 11) to base 4.
12032032
What is -29a586 (base 14) in base 10?
-1449930
What is 16d884 (base 15) in base 4?
10032232330
-196241 (base 10) to base 16
-2fe91
3964 (base 10) to base 12
2364
1103700 (base 8) to base 15
5ce81
-17b93 (base 16) to base 15
-1dbd1
What is -17706 (base 12) in base 5?
-2040341
Convert 49626 (base 14) to base 11.
112a06
-2d1a1 (base 15) to base 7
-1144126
What is -10110100111101010111101 (base 2) in base 16?
-5a7abd
Convert -28ac52 (base 15) to base 6.
-110003205
Convert -133 (base 13) to base 16.
-d3
-100101101101010000 (base 2) to base 13
-553b8
Convert -b60058 (base 15) to base 4.
-201001200332
What is -211230201333 (base 4) in base 15?
-d02dbc
-11b3c0 (base 14) to base 4
-2110033030
What is -65497a (base 12) in base 4?
-12013311232
Convert -3537141 (base 8) to base 2.
-11101011111001100001
What is 2656199 (base 10) in base 4?
22020133013
Convert -1400311540 (base 6) to base 3.
-1011122121100120
What is 3827646 (base 10) in base 7?
44351214
Convert -25262606 (base 9) to base 14.
-1904845
What is 108c48 (base 13) in base 6?
12213553
216374 (base 9) to base 5
13114333
Convert -3312321103 (base 4) to base 16.
-f6e53
What is -2112233 (base 5) in base 3?
-1210110002
3abb8 (base 12) to base 11
5601a
Convert -38632 (base 9) to base 14.
-96b4
Convert 43ca2 (base 15) to base 16.
349b5
-11111122011201 (base 3) to base 5
-1103103123
What is 22161304 (base 7) in base 12?
783837
What is -1f817a (base 16) in base 8?
-7700572
-1316b8 (base 14) to base 11
-409803
1a7897 (base 13) to base 12
285aa6
3306316 (base 7) to base 4
1203001102
637240a (base 11) to base 8
52626362
Convert -8b464b (base 15) to base 11.
-382a922
What is -463539 (base 10) in base 15?
-92529
Convert -33000124 (base 5) to base 9.
-467763
What is 42030 (base 12) in base 7?
510000
Convert -10a5d (base 14) to base 5.
-2243314
What is 23321441 (base 5) in base 3?
101212112210
Convert d7371 (base 15) to base 11.
426883
Convert -122221020 (base 4) to base 6.
-2201120
What is 2112200222001 (base 3) in base 16?
14a24d
-360223 (base 7) to base 13
-23737
What is 6501992 (base 10) in base 11?
3741052
Convert -474500 (base 9) to base 7.
-2266125
-24010203 (base 5) to base 2
-110101100100100100
Convert 6047232 (base 8) to base 13.
43a0c5
What is -620284 (base 10) in base 4?
-2113123330
What is -2de64c (base 15) in base 8?
-10372613
Convert -1000100111000101010 (base 2) to base 13.
-9b572
What is -10030464 (base 10) in base 3?
-200212121012200
Convert 3417059 (base 10) to base 16.
3423e3
231a5a (base 13) to base 12
341747
Convert -13388 (base 12) to base 4.
-12131120
Convert 2130462 (base 7) to base 2.
111111010111011100
Convert -5b1b38 (base 15) to base 3.
-22012111022122
What is -2b1799 (base 16) in base 12?
-b42389
Convert 332010233 (base 4) to base 9.
426685
-12275 (base 14) to base 10
-44399
What is -1101111010110010001 (base 2) in base 9?
-764556
Convert -321131020 (base 4) to base 5.
-30012321
What is 1499618 (base 10) in base 6?
52050402
Convert 11121012001022 (base 3) to base 6.
124220312
Convert -10122014 (base 6) to base 10.
-290746
What is -14124423334 (base 5) in base 6?
-1450043115
Convert -23312331 (base 5) to base 9.
-354734
What is 10531124 (base 6) in base 2?
1001110110110011100
-3310102002 (base 5) to base 9
-14340767
-1000021000220 (base 3) to base 16
-82ff8
10130402 (base 5) to base 11
57591
What is 802274 (base 11) in base 6?
43402401
63216412 (base 7) to base 3
101000220210101
Convert 111432102 (base 5) to base 8.
1716523
Convert 11412023 (base 5) to base 15.
21b28
What is 100000001011011110011101 (base 2) in base 9?
16776433
What is -58678 (base 14) in base 3?
-101221100121
What is -11010101100000000 (base 2) in base 10?
-109312
Convert -20210000111 (base 3) to base 11.
-91271
637324 (base 8) to base 11
135887
Convert -18131205 (base 10) to base 6.
-1444340433
-2162401 (base 7) to base 16
-41482
Convert -631336 (base 8) to base 13.
-74555
Convert -3cba (base 16) to base 5.
-444141
Convert 151023443 (base 6) to base 10.
3129363
What is -108269 (base 14) in base 6?
-20001445
Convert -46278 (base 9) to base 13.
-11072
2001101201200 (base 3) to base 5
234343021
Convert 3c983 (base 13) to base 14.
2d5d9
Convert 76980 (base 10) to base 3.
10220121010
Convert -12541353 (base 6) to base 12.
-181859
What is -56897 (base 12) in base 9?
-185157
1303022340 (base 5) to base 14
5c8726
Convert 619ea (base 